{"id":248,"date":"2025-11-27T04:09:09","date_gmt":"2025-11-27T04:09:09","guid":{"rendered":"https:\/\/www.inhouse-golf.de\/?page_id=248"},"modified":"2026-01-07T13:39:14","modified_gmt":"2026-01-07T12:39:14","slug":"willkommen-auf-der-seite-des-inhouse-golf-trainings-in-springe","status":"publish","type":"page","link":"https:\/\/www.inhouse-golf.de\/","title":{"rendered":"Willkommen!"},"content":{"rendered":"\n<p><\/p>\n\n\n\n<p><strong><strong>Dies ist der das Buchungsportal der Inhouse Golf Trainingsanlage in Springe.<\/strong><\/strong><\/p>\n\n\n\n<p><\/p>\n\n\n\n<figure class=\"wp-block-image size-large is-resized\"><img loading=\"lazy\" decoding=\"async\" width=\"1024\" height=\"768\" src=\"https:\/\/www.inhouse-golf.de\/wp-content\/uploads\/2025\/12\/Anlage_komplett-1024x768.jpeg\" alt=\"\" class=\"wp-image-481\" style=\"width:652px;height:auto\" srcset=\"https:\/\/www.inhouse-golf.de\/wp-content\/uploads\/2025\/12\/Anlage_komplett-1024x768.jpeg 1024w, https:\/\/www.inhouse-golf.de\/wp-content\/uploads\/2025\/12\/Anlage_komplett-scaled-600x450.jpeg 600w, https:\/\/www.inhouse-golf.de\/wp-content\/uploads\/2025\/12\/Anlage_komplett-300x225.jpeg 300w, https:\/\/www.inhouse-golf.de\/wp-content\/uploads\/2025\/12\/Anlage_komplett-768x576.jpeg 768w, https:\/\/www.inhouse-golf.de\/wp-content\/uploads\/2025\/12\/Anlage_komplett-1536x1152.jpeg 1536w, https:\/\/www.inhouse-golf.de\/wp-content\/uploads\/2025\/12\/Anlage_komplett-2048x1536.jpeg 2048w\" sizes=\"auto, (max-width: 1024px) 100vw, 1024px\" \/><\/figure>\n\n\n\n<p><\/p>\n\n\n\n<p>Die Anlage kann t\u00e4glich von 07:00 bis 22:00 Uhr genutzt werden (Montag bis Sonntag).<\/p>\n\n\n\n<p><\/p>\n\n\n\n<p><strong><strong>Eine <a href=\"https:\/\/www.inhouse-golf.de\/?page_id=227\" data-type=\"page\" data-id=\"227\">Startzeit <\/a>k\u00f6nnt ihr euch hier reservieren. Daf\u00fcr m\u00fcsst ihr vorher einmal <a href=\"https:\/\/www.inhouse-golf.de\/wp-login.php?action=register\">registrieren<\/a>.<\/strong><\/strong><\/p>\n\n\n\n<p><\/p>\n\n\n\n<p>Bitte beachtet unsere <a href=\"https:\/\/www.inhouse-golf.de\/?page_id=107\" data-type=\"page\" data-id=\"107\"><strong><strong>Hausordnung<\/strong><\/strong><\/a>und <a href=\"https:\/\/www.inhouse-golf.de\/?page_id=2\" data-type=\"page\" data-id=\"2\"><strong><strong>Buchungsbedingungen<\/strong><\/strong><\/a>.<\/p>\n\n\n\n<p><\/p>\n\n\n\n<figure class=\"wp-block-image size-large is-resized wp-duotone-unset-1\"><img loading=\"lazy\" decoding=\"async\" width=\"1024\" height=\"768\" src=\"https:\/\/www.inhouse-golf.de\/wp-content\/uploads\/2025\/12\/Spielbetrieb_beamer-1-1024x768.jpeg\" alt=\"\" class=\"wp-image-482\" style=\"width:660px;height:auto\" srcset=\"https:\/\/www.inhouse-golf.de\/wp-content\/uploads\/2025\/12\/Spielbetrieb_beamer-1-1024x768.jpeg 1024w, https:\/\/www.inhouse-golf.de\/wp-content\/uploads\/2025\/12\/Spielbetrieb_beamer-1-scaled-600x450.jpeg 600w, https:\/\/www.inhouse-golf.de\/wp-content\/uploads\/2025\/12\/Spielbetrieb_beamer-1-300x225.jpeg 300w, https:\/\/www.inhouse-golf.de\/wp-content\/uploads\/2025\/12\/Spielbetrieb_beamer-1-768x576.jpeg 768w, https:\/\/www.inhouse-golf.de\/wp-content\/uploads\/2025\/12\/Spielbetrieb_beamer-1-1536x1152.jpeg 1536w, https:\/\/www.inhouse-golf.de\/wp-content\/uploads\/2025\/12\/Spielbetrieb_beamer-1-2048x1536.jpeg 2048w\" sizes=\"auto, (max-width: 1024px) 100vw, 1024px\" \/><\/figure>\n\n\n\n<p><\/p>\n\n\n\n<p>Trainieren ist auf 2 Pl\u00e4tzen gleichzeitig m\u00f6glich.<\/p>\n\n\n\n<p><\/p>\n\n\n\n<figure class=\"wp-block-image size-large is-resized\"><img loading=\"lazy\" decoding=\"async\" width=\"768\" height=\"1024\" src=\"https:\/\/www.inhouse-golf.de\/wp-content\/uploads\/2025\/12\/Doppel_Training-768x1024.jpg\" alt=\"\" class=\"wp-image-543\" style=\"width:657px;height:auto\" srcset=\"https:\/\/www.inhouse-golf.de\/wp-content\/uploads\/2025\/12\/Doppel_Training-768x1024.jpg 768w, https:\/\/www.inhouse-golf.de\/wp-content\/uploads\/2025\/12\/Doppel_Training-600x800.jpg 600w, https:\/\/www.inhouse-golf.de\/wp-content\/uploads\/2025\/12\/Doppel_Training-225x300.jpg 225w, https:\/\/www.inhouse-golf.de\/wp-content\/uploads\/2025\/12\/Doppel_Training.jpg 1000w\" sizes=\"auto, (max-width: 768px) 100vw, 768px\" \/><\/figure>\n","protected":false},"excerpt":{"rendered":"<p>Dies ist der das Buchungsportal der Inhouse Golf Trainingsanlage in Springe. Die Anlage kann t\u00e4glich von 07:00 bis 22:00 Uhr genutzt werden (Montag bis Sonntag). Eine Startzeit k\u00f6nnt ihr euch hier reservieren. Daf\u00fcr m\u00fcsst ihr vorher einmal registrieren. Bitte beachtet unsere Hausordnungund Buchungsbedingungen. Trainieren ist auf 2 Pl\u00e4tzen gleichzeitig m\u00f6glich.<\/p>\n","protected":false},"author":1,"featured_media":0,"parent":0,"menu_order":0,"comment_status":"closed","ping_status":"closed","template":"","meta":{"footnotes":""},"class_list":["post-248","page","type-page","status-publish","hentry"],"_links":{"self":[{"href":"https:\/\/www.inhouse-golf.de\/index.php?rest_route=\/wp\/v2\/pages\/248","targetHints":{"allow":["GET"]}}],"collection":[{"href":"https:\/\/www.inhouse-golf.de\/index.php?rest_route=\/wp\/v2\/pages"}],"about":[{"href":"https:\/\/www.inhouse-golf.de\/index.php?rest_route=\/wp\/v2\/types\/page"}],"author":[{"embeddable":true,"href":"https:\/\/www.inhouse-golf.de\/index.php?rest_route=\/wp\/v2\/users\/1"}],"replies":[{"embeddable":true,"href":"https:\/\/www.inhouse-golf.de\/index.php?rest_route=%2Fwp%2Fv2%2Fcomments&post=248"}],"version-history":[{"count":12,"href":"https:\/\/www.inhouse-golf.de\/index.php?rest_route=\/wp\/v2\/pages\/248\/revisions"}],"predecessor-version":[{"id":1298,"href":"https:\/\/www.inhouse-golf.de\/index.php?rest_route=\/wp\/v2\/pages\/248\/revisions\/1298"}],"wp:attachment":[{"href":"https:\/\/www.inhouse-golf.de\/index.php?rest_route=%2Fwp%2Fv2%2Fmedia&parent=248"}],"curies":[{"name":"wp","href":"https:\/\/api.w.org\/{rel}","templated":true}]}}